{"id":465,"date":"2025-05-04T09:14:39","date_gmt":"2025-05-04T07:14:39","guid":{"rendered":"https:\/\/www.melleseraphine.net\/?page_id=465"},"modified":"2025-05-04T11:43:03","modified_gmt":"2025-05-04T09:43:03","slug":"lunivers-de-mademoiselle-seraphine-services","status":"publish","type":"page","link":"https:\/\/www.melleseraphine.net\/index.php\/lunivers-de-mademoiselle-seraphine-services\/","title":{"rendered":"L&rsquo;UNIVERS DE MADEMOISELLE SERAPHINE (services)"},"content":{"rendered":"\n<p><\/p>\n\n\n\n<h3 class=\"wp-block-heading\">\u2727 Bienvenue dans l\u2019univers de Mademoiselle S\u00e9raphine \u2727<\/h3>\n\n\n\n<p><strong><a class=\"\" href=\"http:\/\/www.melleseraphine.net\">www.melleseraphine.net<\/a><\/strong><\/p>\n\n\n\n<p>Au c\u0153ur d\u2019un monde o\u00f9 la douceur devient force, <strong>Mademoiselle S\u00e9raphine<\/strong> vous ouvre les portes d\u2019un espace th\u00e9rapeutique unique, sensible et cr\u00e9atif. \u00c0 travers ce site, je vous invite \u00e0 d\u00e9couvrir mon approche de l\u2019accompagnement, profond\u00e9ment humaine, intuitive et ancr\u00e9e dans une vision po\u00e9tique de la vie.<\/p>\n\n\n\n<p>Je suis <strong>Lise Larbalestrier<\/strong>, alias <strong>Mademoiselle S\u00e9raphine<\/strong>, th\u00e9rapeute intuitive, praticienne Reiki et cr\u00e9atrice de chemins int\u00e9rieurs. J\u2019accompagne petits et grands \u00e0 retrouver leur lumi\u00e8re, \u00e0 gu\u00e9rir en profondeur, \u00e0 se relier \u00e0 leur \u00eatre v\u00e9ritable et \u00e0 exprimer leur essence \u00e0 travers l&rsquo;art, l\u2019\u00e9nergie et la parole.<\/p>\n\n\n\n<p><\/p>\n\n\n\n<h3 class=\"wp-block-heading\">\u2727 Et si on cheminait ensemble ? \u2727<\/h3>\n\n\n\n<p>Que vous cherchiez \u00e0 gu\u00e9rir une blessure, \u00e0 retrouver de la clart\u00e9, \u00e0 soutenir un enfant dans son hypersensibilit\u00e9 ou \u00e0 cultiver votre \u00e9nergie vitale, vous \u00eates au bon endroit. Le site <a class=\"\" href=\"http:\/\/www.melleseraphine.net\">www.melleseraphine.net<\/a> vous propose un espace pour explorer, vous inspirer et prendre rendez-vous.<\/p>\n\n\n\n<p>\u2728 Vous y trouverez :<\/p>\n\n\n\n<ul class=\"wp-block-list\"><li class=\"\">Des ressources gratuites<\/li><li class=\"\">Un blog nourri d\u2019articles doux et profonds<\/li><li class=\"\">Une boutique avec mes cr\u00e9ations th\u00e9rapeutiques<\/li><li class=\"\">Toutes les infos sur mes accompagnements individuels et ateliers collectifs<\/li><\/ul>\n","protected":false},"excerpt":{"rendered":"<p>\u2727 Bienvenue dans l\u2019univers de Mademoiselle S\u00e9raphine \u2727 www.melleseraphine.net Au c\u0153ur d\u2019un monde o\u00f9 la douceur devient force, Mademoiselle S\u00e9raphine vous ouvre les portes d\u2019un espace th\u00e9rapeutique unique, sensible et cr\u00e9atif. \u00c0 travers ce site, je vous invite \u00e0 d\u00e9couvrir mon approche de l\u2019accompagnement, profond\u00e9ment humaine, intuitive et ancr\u00e9e dans une vision po\u00e9tique de la &hellip; <\/p>\n<p class=\"link-more\"><a href=\"https:\/\/www.melleseraphine.net\/index.php\/lunivers-de-mademoiselle-seraphine-services\/\" class=\"more-link\">Continuer la lecture<span class=\"screen-reader-text\"> de &laquo;&nbsp;L&rsquo;UNIVERS DE MADEMOISELLE SERAPHINE (services)&nbsp;&raquo;<\/span><\/a><\/p>\n","protected":false},"author":1,"featured_media":488,"parent":0,"menu_order":0,"comment_status":"closed","ping_status":"closed","template":"","meta":{"footnotes":""},"class_list":["post-465","page","type-page","status-publish","has-post-thumbnail","hentry"],"_links":{"self":[{"href":"https:\/\/www.melleseraphine.net\/index.php\/wp-json\/wp\/v2\/pages\/465","targetHints":{"allow":["GET"]}}],"collection":[{"href":"https:\/\/www.melleseraphine.net\/index.php\/wp-json\/wp\/v2\/pages"}],"about":[{"href":"https:\/\/www.melleseraphine.net\/index.php\/wp-json\/wp\/v2\/types\/page"}],"author":[{"embeddable":true,"href":"https:\/\/www.melleseraphine.net\/index.php\/wp-json\/wp\/v2\/users\/1"}],"replies":[{"embeddable":true,"href":"https:\/\/www.melleseraphine.net\/index.php\/wp-json\/wp\/v2\/comments?post=465"}],"version-history":[{"count":2,"href":"https:\/\/www.melleseraphine.net\/index.php\/wp-json\/wp\/v2\/pages\/465\/revisions"}],"predecessor-version":[{"id":476,"href":"https:\/\/www.melleseraphine.net\/index.php\/wp-json\/wp\/v2\/pages\/465\/revisions\/476"}],"wp:featuredmedia":[{"embeddable":true,"href":"https:\/\/www.melleseraphine.net\/index.php\/wp-json\/wp\/v2\/media\/488"}],"wp:attachment":[{"href":"https:\/\/www.melleseraphine.net\/index.php\/wp-json\/wp\/v2\/media?parent=465"}],"curies":[{"name":"wp","href":"https:\/\/api.w.org\/{rel}","templated":true}]}}