{"id":48,"date":"2021-07-05T21:26:25","date_gmt":"2021-07-05T19:26:25","guid":{"rendered":"https:\/\/www.melleseraphine.net\/?page_id=48"},"modified":"2025-05-04T10:17:34","modified_gmt":"2025-05-04T08:17:34","slug":"les-initiations-soins-et-seances","status":"publish","type":"page","link":"https:\/\/www.melleseraphine.net\/index.php\/lunivers-de-mademoiselle-seraphine-services\/les-initiations-soins-et-seances\/","title":{"rendered":"LES INITIATIONS LA HO CHI"},"content":{"rendered":"\n<p>Prochaines sessions : <\/p>\n\n\n\n<p><strong>La Ho Chi  :  <\/strong><\/p>\n\n\n\n<figure class=\"wp-block-video\"><video height=\"788\" style=\"aspect-ratio: 940 \/ 788;\" width=\"940\" controls src=\"https:\/\/www.melleseraphine.net\/wp-content\/uploads\/2022\/01\/OFFRE-LAHOCHI-1.mp4\"><\/video><figcaption>TOUTES LES OPTIONS SONT SUR https:\/\/www.melleseraphine.net\/index.php\/2021\/08\/10\/initiations-ou-revisions-la-ho-chi\/<\/figcaption><\/figure>\n\n\n\n<p>LA HO CHI SIGNIFIE:<br>Le son &nbsp;\u00bb La &nbsp;\u00bb dans LaHoChi fait r\u00e9f\u00e9rence \u00e0 la lumi\u00e8re, l\u2019amour et la sagesse venant des fr\u00e9quences du Christ.<br>Le son &nbsp;\u00bb Ho &nbsp;\u00bb fait r\u00e9f\u00e9rence au mouvement de cette \u00e9nergie,<br>et le son &nbsp;\u00bb Chi &nbsp;\u00bb est la force de vie.<\/p>\n\n\n\n<p><strong>Les informations et instructions se trouvent ici : <a href=\"https:\/\/www.melleseraphine.net\/index.php\/2021\/08\/10\/initiations-ou-revisions-la-ho-chi\/\">https:\/\/www.melleseraphine.net\/index.php\/2021\/08\/10\/initiations-ou-revisions-la-ho-chi\/<\/a><\/strong><\/p>\n\n\n\n<figure class=\"wp-block-video\"><video height=\"1122\" style=\"aspect-ratio: 792 \/ 1122;\" width=\"792\" controls src=\"https:\/\/www.melleseraphine.net\/wp-content\/uploads\/2025\/05\/la-ho-chi-pdf-.mp4\"><\/video><\/figure>\n\n\n\n<p><\/p>\n\n\n\n<p><strong>LES SOINS ET SEANCES SONT A RESERVER VIA LA BOUTIQUE<\/strong><\/p>\n\n\n\n<figure class=\"wp-block-image size-full\"><img loading=\"lazy\" decoding=\"async\" width=\"940\" height=\"788\" src=\"https:\/\/www.melleseraphine.net\/wp-content\/uploads\/2021\/07\/REIKI-ANIMAUX.png\" alt=\"\" class=\"wp-image-68\" srcset=\"https:\/\/www.melleseraphine.net\/wp-content\/uploads\/2021\/07\/REIKI-ANIMAUX.png 940w, https:\/\/www.melleseraphine.net\/wp-content\/uploads\/2021\/07\/REIKI-ANIMAUX-300x251.png 300w, https:\/\/www.melleseraphine.net\/wp-content\/uploads\/2021\/07\/REIKI-ANIMAUX-768x644.png 768w, https:\/\/www.melleseraphine.net\/wp-content\/uploads\/2021\/07\/REIKI-ANIMAUX-350x293.png 350w\" sizes=\"auto, (max-width: 767px) 89vw, (max-width: 1000px) 54vw, (max-width: 1071px) 543px, 580px\" \/><\/figure>\n\n\n\n<p><\/p>\n\n\n\n<p><strong>Reprise du pass REIKI <\/strong>1JUIN 2025 &#8211; \u00e0 payer avant le 25 mai2025<\/p>\n\n\n\n<p>ATTENTION A PARTIR DE 2025, AJUSTEMENT DES TARIFS<\/p>\n\n\n\n<figure class=\"wp-block-image size-large\"><img loading=\"lazy\" decoding=\"async\" width=\"820\" height=\"312\" src=\"https:\/\/www.melleseraphine.net\/wp-content\/uploads\/2021\/07\/Pink-and-Slate-Grey-Photo-Beauty-Influencer-Minimalism-Facebook-Cover.png\" alt=\"\" class=\"wp-image-96\" srcset=\"https:\/\/www.melleseraphine.net\/wp-content\/uploads\/2021\/07\/Pink-and-Slate-Grey-Photo-Beauty-Influencer-Minimalism-Facebook-Cover.png 820w, https:\/\/www.melleseraphine.net\/wp-content\/uploads\/2021\/07\/Pink-and-Slate-Grey-Photo-Beauty-Influencer-Minimalism-Facebook-Cover-300x114.png 300w, https:\/\/www.melleseraphine.net\/wp-content\/uploads\/2021\/07\/Pink-and-Slate-Grey-Photo-Beauty-Influencer-Minimalism-Facebook-Cover-768x292.png 768w, https:\/\/www.melleseraphine.net\/wp-content\/uploads\/2021\/07\/Pink-and-Slate-Grey-Photo-Beauty-Influencer-Minimalism-Facebook-Cover-350x133.png 350w\" sizes=\"auto, (max-width: 767px) 89vw, (max-width: 1000px) 54vw, (max-width: 1071px) 543px, 580px\" \/><\/figure>\n\n\n\n<p><strong>Les informations et instructions se trouvent ici : <a href=\"https:\/\/www.melleseraphine.net\/index.php\/les-pass-reiki-mensuels\/\">https:\/\/www.melleseraphine.net\/index.php\/les-pass-reiki-mensuels\/<\/a><\/strong><\/p>\n\n\n\n<p><\/p>\n\n\n\n<figure class=\"wp-block-video\"><video controls src=\"blob:https:\/\/www.melleseraphine.net\/6da11d57-5b5c-436a-97f1-1825f25cb859\"><\/video><\/figure>\n","protected":false},"excerpt":{"rendered":"<p>Prochaines sessions : La Ho Chi : LA HO CHI SIGNIFIE:Le son &nbsp;\u00bb La &nbsp;\u00bb dans LaHoChi fait r\u00e9f\u00e9rence \u00e0 la lumi\u00e8re, l\u2019amour et la sagesse venant des fr\u00e9quences du Christ.Le son &nbsp;\u00bb Ho &nbsp;\u00bb fait r\u00e9f\u00e9rence au mouvement de cette \u00e9nergie,et le son &nbsp;\u00bb Chi &nbsp;\u00bb est la force de vie. Les informations et &hellip; <\/p>\n<p class=\"link-more\"><a href=\"https:\/\/www.melleseraphine.net\/index.php\/lunivers-de-mademoiselle-seraphine-services\/les-initiations-soins-et-seances\/\" class=\"more-link\">Continuer la lecture<span class=\"screen-reader-text\"> de &laquo;&nbsp;LES INITIATIONS LA HO CHI&nbsp;&raquo;<\/span><\/a><\/p>\n","protected":false},"author":1,"featured_media":0,"parent":465,"menu_order":-2,"comment_status":"closed","ping_status":"closed","template":"","meta":{"footnotes":""},"class_list":["post-48","page","type-page","status-publish","hentry"],"_links":{"self":[{"href":"https:\/\/www.melleseraphine.net\/index.php\/wp-json\/wp\/v2\/pages\/48","targetHints":{"allow":["GET"]}}],"collection":[{"href":"https:\/\/www.melleseraphine.net\/index.php\/wp-json\/wp\/v2\/pages"}],"about":[{"href":"https:\/\/www.melleseraphine.net\/index.php\/wp-json\/wp\/v2\/types\/page"}],"author":[{"embeddable":true,"href":"https:\/\/www.melleseraphine.net\/index.php\/wp-json\/wp\/v2\/users\/1"}],"replies":[{"embeddable":true,"href":"https:\/\/www.melleseraphine.net\/index.php\/wp-json\/wp\/v2\/comments?post=48"}],"version-history":[{"count":10,"href":"https:\/\/www.melleseraphine.net\/index.php\/wp-json\/wp\/v2\/pages\/48\/revisions"}],"predecessor-version":[{"id":472,"href":"https:\/\/www.melleseraphine.net\/index.php\/wp-json\/wp\/v2\/pages\/48\/revisions\/472"}],"up":[{"embeddable":true,"href":"https:\/\/www.melleseraphine.net\/index.php\/wp-json\/wp\/v2\/pages\/465"}],"wp:attachment":[{"href":"https:\/\/www.melleseraphine.net\/index.php\/wp-json\/wp\/v2\/media?parent=48"}],"curies":[{"name":"wp","href":"https:\/\/api.w.org\/{rel}","templated":true}]}}